67801
List the prime factors of 863187.
3, 13, 22133
List the prime factors of 142899.
3, 19, 23, 109
What are the prime factors of 3297617?
3297617
What are the prime factors of 1758925?
5, 7, 19, 23
What are the prime factors of 254876?
2, 63719
What are the prime factors of 9643486?
2, 23, 29, 7229
List the prime factors of 3414227.
3414227
List the prime factors of 127041.
3, 17, 47, 53
List the prime factors of 6006190.
2, 5, 29, 139, 149
What are the prime factors of 4938731?
7, 705533
List the prime factors of 4567611.
3, 17, 89561
List the prime factors of 727609.
853
List the prime factors of 176088.
2, 3, 11, 23, 29
What are the prime factors of 714575?
5, 101, 283
List the prime factors of 1595096.
2, 23, 8669
What are the prime factors of 761155?
5, 152231
What are the prime factors of 64593?
3, 7177
What are the prime factors of 6302003?
6302003
List the prime factors of 780873.
3, 23, 11317
What are the prime factors of 318426?
2, 3, 73, 727
List the prime factors of 618887.
19, 32573
What are the prime factors of 170547?
3, 13, 4373
List the prime factors of 3089.
3089
List the prime factors of 225434.
2, 11, 10247
List the prime factors of 320544.
2, 3, 7, 53
List the prime factors of 205330.
2, 5, 20533
What are the prime factors of 17216?
2, 269
List the prime factors of 54974.
2, 27487
What are the prime factors of 1311847?
1311847
What are the prime factors of 9827135?
5, 1965427
What are the prime factors of 2595575?
5, 47
What are the prime factors of 3103?
29, 107
List the prime factors of 761530.
2, 5, 7, 11, 23, 43
What are the prime factors of 68461?
223, 307
What are the prime factors of 8309?
7, 1187
What are the prime factors of 451389?
3, 379, 397
List the prime factors of 3501894.
2, 3, 11, 97, 547
List the prime factors of 7109603.
2393, 2971
What are the prime factors of 2053487?
983, 2089
List the prime factors of 741898.
2, 370949
What are the prime factors of 5472542?
2, 151, 18121
What are the prime factors of 689097?
3, 229699
What are the prime factors of 258017?
67, 3851
What are the prime factors of 2493361?
13, 23, 31, 269
List the prime factors of 496526.
2, 409, 607
What are the prime factors of 314064?
2, 3, 727
List the prime factors of 1062255.
3, 5, 23, 3079
What are the prime factors of 30077162?
2, 71, 211811
List the prime factors of 60071.
11, 43, 127
List the prime factors of 4716185.
5, 31, 30427
What are the prime factors of 9280487?
17, 545911
List the prime factors of 1839526.
2, 13, 139, 509
What are the prime factors of 11688?
2, 3, 487
What are the prime factors of 318224?
2, 19889
What are the prime factors of 5456048?
2, 13, 17, 1543
List the prime factors of 1787674.
2, 7, 127691
What are the prime factors of 138243?
3, 7, 29, 227
List the prime factors of 16349.
16349
What are the prime factors of 1634933?
29, 56377
List the prime factors of 285732.
2, 3, 7937
List the prime factors of 1575346.
2, 47, 16759
What are the prime factors of 115460?
2, 5, 23, 251
List the prime factors of 812423.
773, 1051
List the prime factors of 51056.
2, 3191
What are the prime factors of 1203598?
2, 11, 54709
What are the prime factors of 5580952?
2, 13, 103, 521
What are the prime factors of 451864?
2, 7, 8069
List the prime factors of 10808862.
2, 3, 1801477
What are the prime factors of 336986?
2, 13, 997
List the prime factors of 6783360.
2, 3, 5, 3533
What are the prime factors of 6179529?
3, 2059843
List the prime factors of 1148180.
2, 5, 11, 17, 307
List the prime factors of 89014.
2, 44507
List the prime factors of 316313.
37, 83, 103
List the prime factors of 13943587.
7, 17, 19, 881
List the prime factors of 18115916.
2, 7, 13, 157, 317
What are the prime factors of 77011?
11, 7001
List the prime factors of 7498918.
2, 7, 535637
List the prime factors of 266030.
2, 5, 37, 719
What are the prime factors of 1131227?
421, 2687
List the prime factors of 39050.
2, 5, 11, 71
List the prime factors of 5198279.
29, 79, 2269
List the prime factors of 2851915.
5, 11, 51853
List the prime factors of 1673619.
3, 29, 19237
List the prime factors of 64734.
2, 3, 10789
What are the prime factors of 8748727?
13, 17, 31, 1277
List the prime factors of 13530452.
2, 13, 260201
List the prime factors of 147932.
2, 31, 1193
List the prime factors of 21942.
2, 3, 23, 53
List the prime factors of 708503.
193, 3671
List the prime factors of 9677075.
5, 387083
List the prime factors of 946018.
2, 473009
What are the prime factors of 1117198?
2, 558599
List the prime factors of 21702.
2, 3, 3617
What are the prime factors of 2930252?
2, 13, 37, 1523
List the prime factors of 6283212.
2, 3, 13, 40277
List the prime factors of 3088706.
2, 997, 1549
List the prime factors of 386546.
2, 17, 11369
What are the prime factors of 2573794?
2, 37, 34781
List the prime factors of 419685.
3, 5, 7, 571
List the prime factors of 5184872.
2, 7, 11, 19, 443
List the prime factors of 5206440.
2, 3, 5, 43, 1009
What are the prime factors of 197150?
2, 5, 3943
What are the prime factors of 5587965?
3, 5, 23, 5399
List the prime factors of 1024778.
2, 512389
List the prime factors of 522036.
2, 3, 17, 853
What are the prime factors of 322454?
2, 11, 14657
What are the prime factors of 1281960?
2, 3, 5, 1187
What are the prime factors of 9552806?
2, 4776403
List the prime factors of 5139860.
2, 5, 11, 61, 383
List the prime factors of 72351.
3, 8039
List the prime factors of 75566.
2, 37783
List the prime factors of 14339.
13, 1103
List the prime factors of 5629196.
2, 109, 12911
List the prime factors of 1231116.
2, 3, 102593
List the prime factors of 24992749.
24992749
What are the prime factors of 5133325?
5, 19, 101, 107
List the prime factors of 7417703.
1759, 4217
List the prime factors of 911214.
2, 3, 23, 31, 71
What are the prime factors of 94527?
3, 389
List the prime factors of 638763.
3, 149, 1429
List the prime factors of 133686.
2, 3, 7, 1061
List the prime factors of 24362314.
2, 12181157
What are the prime factors of 1046286?
2, 3, 37, 1571
What are the prime factors of 524787?
3, 174929
List the prime factors of 986660.
2, 5, 49333
List the prime factors of 752523.
3, 250841
What are the prime factors of 8361602?
2, 4180801
What are the prime factors of 285803?
7, 40829
What are the prime factors of 66556?
2, 7, 2377
List the prime factors of 75294.
2, 3, 47, 89
List the prime factors of 24984722.
2, 7, 197, 9059
What are the prime factors of 6581292?
2, 3, 548441
List the prime factors of 2644981.
2644981
What are the prime factors of 1327590?
2, 3, 5, 11, 149
What are the prime factors of 360216?
2, 3, 5003
What are the prime factors of 9715920?
2, 3, 5, 40483
List the prime factors of 168320.
2, 5, 263
What are the prime factors of 267?
3, 89
List the prime factors of 6509314.
2, 7, 464951
List the prime factors of 418702.
2, 29, 7219
List the prime factors of 203499.
3, 7537
List the prime factors of 5663810.
2, 5, 487, 1163
What are the prime factors of 2197783?
7, 313969
List the prime factors of 1566262.
2, 783131
What are the prime factors of 26119?
26119
List the prime factors of 1523793.
3, 59, 8609
What are the prime factors of 895258?
2, 7, 13, 4919
What are the prime factors of 370125?
3, 5, 7, 47
What are the prime factors of 234179?
11, 61, 349
List the prime factors of 1438719.
3, 23, 29, 719
List the prime factors of 13651719.
3, 23, 67, 2953
List the prime factors of 483078.
2, 3, 80513
List the prime factors of 3061433.
3061433
What are the prime factors of 785242?
2, 197, 1993
List the prime factors of 466697.
7, 11, 19, 29
List the prime factors of 655139.
19, 29, 41
List the prime factors of 61570.
2, 5, 47, 131
What are the prime factors of 286987?
286987
What are the prime factors of 95204?
2, 23801
What are the prime factors of 3804688?
2, 401, 593
List the prime factors of 496660.
2, 5, 19, 1307
What are the prime factors of 2164619?
2164619
List the prime factors of 2789926.
2, 43, 32441
List the prime factors of 95074.
2, 7, 6791
What are the prime factors of 26338064?
2, 877, 1877
List the prime factors of 1919898.
2, 3, 106661
List the prime factors of 214345.
5, 163, 263
What are the prime factors of 1428498?
2, 3, 61, 1301
What are the prime factors of 340046?
2, 7, 107, 227
List